0 + 16792. What are the prime factors of t?
2, 5531
Let q = -8 + 12. Suppose -2*r + 0 = -q. Suppose 0*v = r*v - 116. List the prime factors of v.
2, 29
Let l(v) = 4*v - 16. Let w be l(13). Suppose -6*u = 3*f - 5*u - 5, u = f - 7. Suppose 2*x = -2*b + 1 + 7, -f*x + w = -5*b. What are the prime factors of x?
7
Suppose 9*w - 7153 = 20918. What are the prime factors of w?
3119
Let t be 1/1 - (20 + -22). Suppose -t*w = 151 - 763. What are the prime factors of w?
2, 3, 17
Let d = 11282 - 11277. Suppose 0 = -2*w + 7 + 3. Suppose 6*n - 459 = -d*c + 8*n, -480 = -w*c - 5*n. List the prime factors of c.
3, 31
Let j = 96 + -93. Suppose 4*o = -j*t + 2292, 0 = 3*o - 4*o - 4*t + 560. What are the prime factors of o?
2, 3
Suppose -r - 1 = 4*c, -4*r = -5*c - 28 - 10. Suppose -2*h - 610 = -r*h. Let z = h + -66. What are the prime factors of z?
2, 7
Let i = 1889 + -2667. Let b = 1621 + i. List the prime factors of b.
3, 281
Suppose 17 = -q - 62. Let t = q + 84. Suppose -t*c + c + 4*m + 660 = 0, -655 = -4*c - m. What are the prime factors of c?
2, 41
Suppose -q - 4445 = -r, -5*q - 11486 = -3*r + 1849. What are the prime factors of r?
5, 7, 127
Suppose 390*t = 393*t - 56880 + 3525. List the prime factors of t.
5, 3557
List the prime factors of (-2)/(-3)*(-23252664)/(-464).
33409
Suppose -31*p - 16241 + 113271 = 0. List the prime factors of p.
2, 5, 313
Let i(m) = m**2 + 16*m - 302. Let u be i(-27). Let p(v) = -321*v - 68. List the prime factors of p(u).
29, 53
Let c(q) be the third derivative of 11*q**6/40 + q**5/60 + q**4/24 - 2*q**3 - 7*q**2. What are the prime factors of c(3)?
3, 11
Suppose -4*s + 14*o - 17*o = -242674, 0 = -s + 3*o + 60676. What are the prime factors of s?
2, 5, 6067
What are the prime factors of -302*76/8*(1 + -2)?
19, 151
Suppose 11*r = 12*r + 753. Let l = 1249 + r. What are the prime factors of l?
2, 31
Suppose 9453*t = 9437*t + 56976. What are the prime factors of t?
3, 1187
Let n(b) = 489*b + 10. Let c be n(4). Let s = c + -1187. What are the prime factors of s?
19, 41
Let y(s) = -6195*s - 4904. What are the prime factors of y(-8)?
2, 2791
Let u(q) = 83 + 77*q + 24*q - 9*q. List the prime factors of u(7).
727
Let q(b) = -b**2 + 1. Let g(f) = 53*f**2 + 2*f + 4. Let n(h) = g(h) - 5*q(h). Let k be n(-2). Let c = -159 + k. List the prime factors of c.
2, 17
Let t = -9239 - -15855. List the prime factors of t.
2, 827
Let h = 15817 - 10086. List the prime factors of h.
11, 521
Suppose -24 = -4*u + 4*r - 3*r, -3*r = 2*u - 12. Suppose u*g - 163 = -25. Suppose -q - g = -166. List the prime factors of q.
11, 13
What are the prime factors of ((-2)/4)/((-13)/286052)?
2, 5501
Suppose 2*f + 1290 = -3*u, -4*u - f - 1713 = 4*f. Let t = 868 + u. List the prime factors of t.
2, 109
Let l = -189 - -207. List the prime factors of ((-118)/(-3))/((l/27)/2).
2, 59
Let f(h) = 30*h - 38. Let d be f(2). Suppose -2*b = 2*k - 290, -d*k - 3*b = -24*k + 285. List the prime factors of k.
2, 3
Suppose 0 = 3*n - 5*n - 36. Let o(g) = g + 26. Let w be o(n). Suppose w*b - 837 = -b. List the prime factors of b.
3, 31
Let s = 28896 + 7317. What are the prime factors of s?
3, 12071
Let i be (3/(-6))/((-6)/132). Suppose -8*l = i*l - 1235. List the prime factors of l.
5, 13
Let f(h) = 61*h - 23*h - 1 + 96*h. Let l be f(3). Suppose 157 = -4*i + l. What are the prime factors of i?
61
Let n(f) be the first derivative of -10 - 22*f + 1/3*f**3 + 4*f**2. List the prime factors of n(-11).
11
Suppose 0 = 7*g - 6*g - 2. Suppose -g*x = -15 - 7. Suppose 3*c = -x + 98. What are the prime factors of c?
29
List the prime factors of (66/20 - 3) + 5980350/500.
3, 443
Let k(b) = 42*b**2 - 27*b - 9. Let m be k(-9). Suppose 11*f + f - m = 0. List the prime factors of f.
3, 101
Let a(p) = 1 + 0*p + 2*p - 3*p - 2*p. Let f be a(-1). Suppose -4*v - l = f*l - 372, 5*v + l = 465. List the prime factors of v.
3, 31
Let g = 30 + -21. Suppose 10*r = 13*r - g. Suppose -j - 2*a + 32 + 30 = 0, r*a = j - 37. List the prime factors of j.
2, 13
Let h be (-1 - 2) + 1396 + 2. Suppose -383 = -5*l - 2*p + h, -2*l + 712 = p. What are the prime factors of l?
2, 3, 59
Let u(h) = 3*h**2 - 55*h - 215. What are the prime factors of u(45)?
5, 677
Let c be -4*(-1)/(-22) + (-8)/(-44). Suppose -4*l + 118 + 1118 = c. Suppose -1737 = -6*q - l. What are the prime factors of q?
2, 7, 17
Let v = 334 - 327. Suppose v*j = -674 + 2046. What are the prime factors of j?
2, 7
Suppose -98*x = 6055 - 25165. What are the prime factors of x?
3, 5, 13
Let t(f) = -19*f**3 + 13*f**2 + 74*f + 6. What are the prime factors of t(-8)?
2, 4987
Let w(v) be the third derivative of v**5/60 - 2*v**4/3 + 7*v**3/3 + 82*v**2. List the prime factors of w(-11).
311
Let h = -108 - -132. Suppose -7 = h*c - 25*c. List the prime factors of 9 + -3 + -2 + 1358/c.
2, 3, 11
Suppose -x = 422*t - 421*t - 18912, 75659 = 4*t - 7*x. List the prime factors of t.
18913
Suppose 2*f - 6*f - 48404 = -p, -2*p - 2*f + 96808 = 0. What are the prime factors of p?
2, 12101
Let h = 14304 + -12296. What are the prime factors of h?
2, 251
Let r = 125 - 44. Let p = -55 + r. Suppose 5*s = i - 0*s - p, 2*i = s + 34. What are the prime factors of i?
2
Let k(l) = 29*l**2 + 41*l - 70. What are the prime factors of k(13)?
2, 3, 149
Let w(b) = 79*b**3 + 2*b - 229. What are the prime factors of w(7)?
2, 13441
Suppose c = 3, 0*t + 2*c + 11121 = 3*t. What are the prime factors of t?
3709
Suppose -5*r + 2355 = -v, 6*r - 5*v = 4*r + 942. Let g(q) = 2*q**2 + 79*q + 737. Let c be g(-15). Suppose 5*t - c*t - r = 0. What are the prime factors of t?
157
Let x be (2 - 1)*(36 + -22). What are the prime factors of 4770/x + (-14)/(-49)?
11, 31
Let u(g) = -122*g + 35. Let c be u(-7). Suppose -x + c = 2*d - 77, 0 = -5*d - x + 2412. What are the prime factors of d?
2, 241
What are the prime factors of (-954)/(-424)*(226140/(-9))/(-5)?
3, 3769
Suppose -6*d + 5*k + 51055 = -d, -5*d + k = -51043. List the prime factors of d.
2, 11, 29
Let k(l) = 46*l**2 - 61*l + 1858. What are the prime factors of k(33)?
49939
Suppose -14452*v + 14450*v + 13866 = 0. What are the prime factors of v?
3, 2311
What are the prime factors of 19605 - ((-112)/98 - (-4 - 108/(-28)))?
2, 9803
Suppose -5*a + 3421 = -2324. Suppose 9363 + a = 9*k. What are the prime factors of k?
2, 73
Let k(h) = -h**3 - 6*h**2 - 5*h + 4. Let g be k(-5). Suppose 0 = -g*y + 3*y + 4. Suppose y*o + 111 = 7*o. What are the prime factors of o?
37
Let z be ((-35)/(-70) - (-6)/(-4))*-707. What are the prime factors of (87 + -88)/((1 - 2)/z)?
7, 101
Let o = 9140 + 1374. What are the prime factors of o?
2, 7, 751
Let v be -3*(6 + (-64)/4). Suppose -421 = v*k - 31*k. What are the prime factors of k?
421
Let o = -87 - -139. Let f(n) = -n**3 - 2*n**2 - n - 3. Let s be f(-4). Let w = s + o. List the prime factors of w.
5, 17
Suppose -10 = 4*w + 10. List the prime factors of (w + 1)*(274/(-8) + -4).
3, 17
Suppose -79*h + 104*h = 50*h - 303550. What are the prime factors of h?
2, 13, 467
Suppose -5*a = -3*k + 8748, 11664 = 26*k - 22*k + 3*a. What are the prime factors of k/7 - (-27)/63?
3, 139
Suppose -6405 = 8*h - 3*h + 5*a, -4*a - 1284 = h. Let d = h + 1848. What are the prime factors of d?
2, 71
Suppose -4*v = 5*s - 48372, -2*v + 44*s + 24172 = 43*s. What are the prime factors of v?
2, 1511
What are the prime factors of 439/2*880/11?
2, 5, 439
Let w(a) = 25*a**2 + 21*a + 4. Let y be w(6). What are the prime factors of (y/(-25))/(2/(-20))?
2, 103
Let c(t) = -37*t - 3. Let u be c(-4). Let o = u + -225. Let a = 151 + o. What are the prime factors of a?
71
Let u(q) = 6*q**3 + 4*q**2 + 23*q - 98. List the prime factors of u(18).
2, 9151
Suppose 4*x - 3*z + 7*z - 79340 = 0, -x = 3*z - 19819. What are the prime factors of x?
19843
Let v = -73 - -78. Let w(u) = -v + 39 - 2 - 9*u**2 - u**3 - 16 - 12*u. What are the prime factors of w(-9)?
2, 31
What are the prime factors of 53495/39*(-1980)/(-75)?
2, 11, 823
Let m = -4818 - -7957. List the prime factors of m.
43, 73
Let h(k) = 13*k + 19. Let b be h(5). Let g = 46 - b. Let n = 20 - g. What are the prime factors of n?
2, 29
Suppose 0 = -32*b + 2865587 - 1034420 + 884929. What are the prime factors of b?
2, 31, 37
Let g(c) = -25*c**3 + 19*c**2 + 68*c + 439. List the prime factors of g(-9).
11, 13, 137
Let q = 2568 + -1765. L